{"id":58,"date":"2017-12-11T18:58:36","date_gmt":"2017-12-11T17:58:36","guid":{"rendered":"http:\/\/abepics.de\/?page_id=58"},"modified":"2025-03-19T10:29:04","modified_gmt":"2025-03-19T09:29:04","slug":"verwaltungsrat","status":"publish","type":"page","link":"http:\/\/vebz.info\/start\/verein\/verwaltungsrat\/","title":{"rendered":"Verwaltungsrat"},"content":{"rendered":"<p>[et_pb_section fb_built=&#8220;1&#8243; _builder_version=&#8220;4.19.5&#8243; _module_preset=&#8220;default&#8220; global_colors_info=&#8220;{}&#8220;][et_pb_row _builder_version=&#8220;4.19.5&#8243; _module_preset=&#8220;default&#8220; global_colors_info=&#8220;{}&#8220;][et_pb_column type=&#8220;4_4&#8243; _builder_version=&#8220;4.19.5&#8243; _module_preset=&#8220;default&#8220; global_colors_info=&#8220;{}&#8220;][et_pb_text _builder_version=&#8220;4.19.5&#8243; _module_preset=&#8220;default&#8220; global_colors_info=&#8220;{}&#8220;]<\/p>\n<h1>Verwaltungsrat<\/h1>\n<p>[\/et_pb_text][\/et_pb_column][\/et_pb_row][et_pb_row _builder_version=&#8220;4.19.5&#8243; _module_preset=&#8220;default&#8220; global_colors_info=&#8220;{}&#8220;][et_pb_column type=&#8220;4_4&#8243; _builder_version=&#8220;4.19.5&#8243; _module_preset=&#8220;default&#8220; global_colors_info=&#8220;{}&#8220;][et_pb_text _builder_version=&#8220;4.19.5&#8243; _module_preset=&#8220;default&#8220; global_colors_info=&#8220;{}&#8220;]<\/p>\n<h2>Vorsitz des Veraltungsrates<\/h2>\n<p>[\/et_pb_text][\/et_pb_column][\/et_pb_row][et_pb_row column_structure=&#8220;1_3,1_3,1_3&#8243; _builder_version=&#8220;4.19.5&#8243; _module_preset=&#8220;default&#8220; global_colors_info=&#8220;{}&#8220;][et_pb_column type=&#8220;1_3&#8243; _builder_version=&#8220;4.19.5&#8243; _module_preset=&#8220;default&#8220; global_colors_info=&#8220;{}&#8220;][et_pb_image src=&#8220;http:\/\/vebz.info\/wp-content\/uploads\/2025\/03\/stoehr_karlheinz.jpg&#8220; alt=&#8220;Karl-Heinz St\u00f6hr&#8220; title_text=&#8220;Karl-Heinz St\u00f6hr&#8220; _builder_version=&#8220;4.19.5&#8243; _module_preset=&#8220;default&#8220; global_colors_info=&#8220;{}&#8220;][\/et_pb_image][et_pb_text _builder_version=&#8220;4.19.5&#8243; _module_preset=&#8220;default&#8220; global_colors_info=&#8220;{}&#8220;]<\/p>\n<p><strong>Herr Karl-Heinz St\u00f6hr<br \/>Vorsitzender<\/strong> <br \/>Alesheim\/Trommetsheim<\/p>\n<p>[\/et_pb_text][\/et_pb_column][et_pb_column type=&#8220;1_3&#8243; _builder_version=&#8220;4.19.5&#8243; _module_preset=&#8220;default&#8220; global_colors_info=&#8220;{}&#8220;][et_pb_image src=&#8220;http:\/\/vebz.info\/wp-content\/uploads\/2017\/12\/Rummel-2.jpg&#8220; alt=&#8220;Hermann Rummel&#8220; title_text=&#8220;Hermann Rummel&#8220; _builder_version=&#8220;4.19.5&#8243; _module_preset=&#8220;default&#8220; global_colors_info=&#8220;{}&#8220;][\/et_pb_image][et_pb_text _builder_version=&#8220;4.19.5&#8243; _module_preset=&#8220;default&#8220; global_colors_info=&#8220;{}&#8220;]<\/p>\n<p><strong>Dekan Hermann Rummel<br \/>stellvertretender Vorsitzender<br \/><\/strong>Wassertr\u00fcdingen<\/p>\n<p>[\/et_pb_text][\/et_pb_column][et_pb_column type=&#8220;1_3&#8243; _builder_version=&#8220;4.19.5&#8243; _module_preset=&#8220;default&#8220; global_colors_info=&#8220;{}&#8220;][\/et_pb_column][\/et_pb_row][et_pb_row _builder_version=&#8220;4.19.5&#8243; _module_preset=&#8220;default&#8220; global_colors_info=&#8220;{}&#8220;][et_pb_column type=&#8220;4_4&#8243; _builder_version=&#8220;4.19.5&#8243; _module_preset=&#8220;default&#8220; global_colors_info=&#8220;{}&#8220;][et_pb_text _builder_version=&#8220;4.19.5&#8243; _module_preset=&#8220;default&#8220; global_colors_info=&#8220;{}&#8220;]<\/p>\n<h2>Stimmberechtigte Mitglieder<\/h2>\n<p>[\/et_pb_text][\/et_pb_column][\/et_pb_row][et_pb_row column_structure=&#8220;1_3,1_3,1_3&#8243; _builder_version=&#8220;4.19.5&#8243; _module_preset=&#8220;default&#8220; global_colors_info=&#8220;{}&#8220;][et_pb_column type=&#8220;1_3&#8243; _builder_version=&#8220;4.19.5&#8243; _module_preset=&#8220;default&#8220; global_colors_info=&#8220;{}&#8220;][et_pb_image src=&#8220;http:\/\/vebz.info\/wp-content\/uploads\/2025\/03\/anne_rupp.jpg&#8220; alt=&#8220;Anne Rupp&#8220; title_text=&#8220;Anne Rupp&#8220; _builder_version=&#8220;4.19.5&#8243; _module_preset=&#8220;default&#8220; global_colors_info=&#8220;{}&#8220;][\/et_pb_image][et_pb_text _builder_version=&#8220;4.19.5&#8243; _module_preset=&#8220;default&#8220; global_colors_info=&#8220;{}&#8220;]<\/p>\n<p><strong>Frau Anne Rupp<\/strong><\/p>\n<p>[\/et_pb_text][\/et_pb_column][et_pb_column type=&#8220;1_3&#8243; _builder_version=&#8220;4.19.5&#8243; _module_preset=&#8220;default&#8220; global_colors_info=&#8220;{}&#8220;][et_pb_image src=&#8220;http:\/\/vebz.info\/wp-content\/uploads\/2025\/03\/simone_gries.jpg&#8220; alt=&#8220;Simone Gries&#8220; title_text=&#8220;Simone Gries&#8220; _builder_version=&#8220;4.19.5&#8243; _module_preset=&#8220;default&#8220; global_colors_info=&#8220;{}&#8220;][\/et_pb_image][et_pb_text _builder_version=&#8220;4.19.5&#8243; _module_preset=&#8220;default&#8220; global_colors_info=&#8220;{}&#8220;]<\/p>\n<p><strong>Simone Gries<\/strong><\/p>\n<p>[\/et_pb_text][\/et_pb_column][et_pb_column type=&#8220;1_3&#8243; _builder_version=&#8220;4.19.5&#8243; _module_preset=&#8220;default&#8220; global_colors_info=&#8220;{}&#8220;][et_pb_image src=&#8220;http:\/\/vebz.info\/wp-content\/uploads\/2017\/12\/15_03_ELJ_Landesversammlung_WIR_Landjugend_Harald_Kalasek-102-2.jpg&#8220; alt=&#8220;Stefan Kittsteiner&#8220; title_text=&#8220;Stefan Kittsteiner&#8220; _builder_version=&#8220;4.19.5&#8243; _module_preset=&#8220;default&#8220; global_colors_info=&#8220;{}&#8220;][\/et_pb_image][et_pb_text _builder_version=&#8220;4.19.5&#8243; _module_preset=&#8220;default&#8220; global_colors_info=&#8220;{}&#8220;]<\/p>\n<p><strong>Stefan Kittsteiner<\/strong><\/p>\n<p>[\/et_pb_text][\/et_pb_column][\/et_pb_row][et_pb_row column_structure=&#8220;1_3,1_3,1_3&#8243; _builder_version=&#8220;4.19.5&#8243; _module_preset=&#8220;default&#8220; hover_enabled=&#8220;0&#8243; global_colors_info=&#8220;{}&#8220; sticky_enabled=&#8220;0&#8243;][et_pb_column type=&#8220;1_3&#8243; _builder_version=&#8220;4.19.5&#8243; _module_preset=&#8220;default&#8220; global_colors_info=&#8220;{}&#8220;][et_pb_image src=&#8220;http:\/\/vebz.info\/wp-content\/uploads\/2017\/12\/web-2-sey-haag-2.jpg&#8220; alt=&#8220;Heidi Haag&#8220; title_text=&#8220;Heidi Haag&#8220; _builder_version=&#8220;4.19.5&#8243; _module_preset=&#8220;default&#8220; global_colors_info=&#8220;{}&#8220;][\/et_pb_image][et_pb_text _builder_version=&#8220;4.19.5&#8243; _module_preset=&#8220;default&#8220; global_colors_info=&#8220;{}&#8220;]<strong>Heidi Haag<\/strong>[\/et_pb_text][\/et_pb_column][et_pb_column type=&#8220;1_3&#8243; _builder_version=&#8220;4.19.5&#8243; _module_preset=&#8220;default&#8220; global_colors_info=&#8220;{}&#8220;][et_pb_image src=&#8220;http:\/\/vebz.info\/wp-content\/uploads\/2020\/02\/ba222ef864c253fdeb72db01ad71b928.jpg&#8220; alt=&#8220;Bettina Naumann&#8220; title_text=&#8220;Bettina Naumann&#8220; _builder_version=&#8220;4.19.5&#8243; _module_preset=&#8220;default&#8220; global_colors_info=&#8220;{}&#8220;][\/et_pb_image][et_pb_text _builder_version=&#8220;4.19.5&#8243; _module_preset=&#8220;default&#8220; global_colors_info=&#8220;{}&#8220;]<\/p>\n<p><strong>Pfrin., Kirchenr\u00e4tin Bettina Naumann<br \/><\/strong>LKA M\u00fcnchen<\/p>\n<p>[\/et_pb_text][\/et_pb_column][et_pb_column type=&#8220;1_3&#8243; _builder_version=&#8220;4.19.5&#8243; _module_preset=&#8220;default&#8220; global_colors_info=&#8220;{}&#8220;][\/et_pb_column][\/et_pb_row][et_pb_row _builder_version=&#8220;4.19.5&#8243; _module_preset=&#8220;default&#8220; global_colors_info=&#8220;{}&#8220;][et_pb_column type=&#8220;4_4&#8243; _builder_version=&#8220;4.19.5&#8243; _module_preset=&#8220;default&#8220; global_colors_info=&#8220;{}&#8220;][et_pb_text _builder_version=&#8220;4.19.5&#8243; _module_preset=&#8220;default&#8220; global_colors_info=&#8220;{}&#8220;]<\/p>\n<h2>Teilnehmer mit beratender Stimme<\/h2>\n<p>[\/et_pb_text][\/et_pb_column][\/et_pb_row][et_pb_row column_structure=&#8220;1_3,1_3,1_3&#8243; _builder_version=&#8220;4.19.5&#8243; _module_preset=&#8220;default&#8220; hover_enabled=&#8220;0&#8243; global_colors_info=&#8220;{}&#8220; sticky_enabled=&#8220;0&#8243;][et_pb_column type=&#8220;1_3&#8243; _builder_version=&#8220;4.19.5&#8243; _module_preset=&#8220;default&#8220; global_colors_info=&#8220;{}&#8220;][et_pb_image src=&#8220;http:\/\/vebz.info\/wp-content\/uploads\/2025\/03\/soellner.jpg&#8220; alt=&#8220;Christian S\u00f6llner&#8220; title_text=&#8220;Christian S\u00f6llner&#8220; _builder_version=&#8220;4.19.5&#8243; _module_preset=&#8220;default&#8220; global_colors_info=&#8220;{}&#8220;][\/et_pb_image][et_pb_text _builder_version=&#8220;4.19.5&#8243; _module_preset=&#8220;default&#8220; global_colors_info=&#8220;{}&#8220;]<\/p>\n<p><strong>Christian S\u00f6llner<\/strong><br \/>Pappenheim<\/p>\n<p>[\/et_pb_text][\/et_pb_column][et_pb_column type=&#8220;1_3&#8243; _builder_version=&#8220;4.19.5&#8243; _module_preset=&#8220;default&#8220; global_colors_info=&#8220;{}&#8220;][et_pb_image src=&#8220;http:\/\/vebz.info\/wp-content\/uploads\/2025\/03\/seyler.jpg&#8220; alt=&#8220;Pfr. Christoph Seyler&#8220; title_text=&#8220;Pfr. Christoph Seyler&#8220; _builder_version=&#8220;4.19.5&#8243; _module_preset=&#8220;default&#8220; global_colors_info=&#8220;{}&#8220;][\/et_pb_image][et_pb_text _builder_version=&#8220;4.19.5&#8243; _module_preset=&#8220;default&#8220; global_colors_info=&#8220;{}&#8220;]<\/p>\n<p><strong>Pfr. Christoph Seyler<\/strong> <br \/>Gerolfingen<\/p>\n<p>[\/et_pb_text][\/et_pb_column][et_pb_column type=&#8220;1_3&#8243; _builder_version=&#8220;4.19.5&#8243; _module_preset=&#8220;default&#8220; global_colors_info=&#8220;{}&#8220;][\/et_pb_column][\/et_pb_row][\/et_pb_section]<\/p>\n","protected":false},"excerpt":{"rendered":"<p>VerwaltungsratVorsitz des VeraltungsratesHerr Karl-Heinz St\u00f6hrVorsitzender Alesheim\/TrommetsheimDekan Hermann Rummelstellvertretender VorsitzenderWassertr\u00fcdingenStimmberechtigte MitgliederFrau Anne RuppSimone GriesStefan KittsteinerHeidi HaagPfrin., Kirchenr\u00e4tin Bettina NaumannLKA M\u00fcnchenTeilnehmer mit beratender StimmeChristian S\u00f6llnerPappenheimPfr. Christoph Seyler Gerolfingen<\/p>\n","protected":false},"author":24783,"featured_media":0,"parent":980,"menu_order":0,"comment_status":"closed","ping_status":"closed","template":"","meta":{"_et_pb_use_builder":"on","_et_pb_old_content":"","_et_gb_content_width":"","footnotes":""},"class_list":["post-58","page","type-page","status-publish","hentry"],"yoast_head":"<!-- This site is optimized with the Yoast SEO plugin v26.8 - https:\/\/yoast.com\/product\/yoast-seo-wordpress\/ -->\n<title>Verwaltungsrat - vebz.info<\/title>\n<meta name=\"robots\" content=\"index, follow, max-snippet:-1, max-image-preview:large, max-video-preview:-1\" \/>\n<link rel=\"canonical\" href=\"http:\/\/vebz.info\/start\/verein\/verwaltungsrat\/\" \/>\n<meta property=\"og:locale\" content=\"de_DE\" \/>\n<meta property=\"og:type\" content=\"article\" \/>\n<meta property=\"og:title\" content=\"Verwaltungsrat - vebz.info\" \/>\n<meta property=\"og:description\" content=\"VerwaltungsratVorsitz des VeraltungsratesHerr Karl-Heinz St\u00f6hrVorsitzender Alesheim\/TrommetsheimDekan Hermann Rummelstellvertretender VorsitzenderWassertr\u00fcdingenStimmberechtigte MitgliederFrau Anne RuppSimone GriesStefan KittsteinerHeidi HaagPfrin., Kirchenr\u00e4tin Bettina NaumannLKA M\u00fcnchenTeilnehmer mit beratender StimmeChristian S\u00f6llnerPappenheimPfr. Christoph Seyler Gerolfingen\" \/>\n<meta property=\"og:url\" content=\"http:\/\/vebz.info\/start\/verein\/verwaltungsrat\/\" \/>\n<meta property=\"og:site_name\" content=\"vebz.info\" \/>\n<meta property=\"article:modified_time\" content=\"2025-03-19T09:29:04+00:00\" \/>\n<meta name=\"twitter:card\" content=\"summary_large_image\" \/>\n<meta name=\"twitter:label1\" content=\"Gesch\u00e4tzte Lesezeit\" \/>\n\t<meta name=\"twitter:data1\" content=\"2\u00a0Minuten\" \/>\n<script type=\"application\/ld+json\" class=\"yoast-schema-graph\">{\"@context\":\"https:\/\/schema.org\",\"@graph\":[{\"@type\":\"WebPage\",\"@id\":\"http:\/\/vebz.info\/start\/verein\/verwaltungsrat\/\",\"url\":\"http:\/\/vebz.info\/start\/verein\/verwaltungsrat\/\",\"name\":\"Verwaltungsrat - vebz.info\",\"isPartOf\":{\"@id\":\"http:\/\/vebz.info\/start\/#website\"},\"datePublished\":\"2017-12-11T17:58:36+00:00\",\"dateModified\":\"2025-03-19T09:29:04+00:00\",\"breadcrumb\":{\"@id\":\"http:\/\/vebz.info\/start\/verein\/verwaltungsrat\/#breadcrumb\"},\"inLanguage\":\"de\",\"potentialAction\":[{\"@type\":\"ReadAction\",\"target\":[\"http:\/\/vebz.info\/start\/verein\/verwaltungsrat\/\"]}]},{\"@type\":\"BreadcrumbList\",\"@id\":\"http:\/\/vebz.info\/start\/verein\/verwaltungsrat\/#breadcrumb\",\"itemListElement\":[{\"@type\":\"ListItem\",\"position\":1,\"name\":\"Startseite\",\"item\":\"http:\/\/vebz.info\/start\/\"},{\"@type\":\"ListItem\",\"position\":2,\"name\":\"Verein\",\"item\":\"http:\/\/vebz.info\/start\/\"},{\"@type\":\"ListItem\",\"position\":3,\"name\":\"Verwaltungsrat\"}]},{\"@type\":\"WebSite\",\"@id\":\"http:\/\/vebz.info\/start\/#website\",\"url\":\"http:\/\/vebz.info\/start\/\",\"name\":\"vebz.info\",\"description\":\"Verein der Evangelischen Bildungszentren im l\u00e4ndlichen Raum e.V.\",\"publisher\":{\"@id\":\"http:\/\/vebz.info\/start\/#organization\"},\"potentialAction\":[{\"@type\":\"SearchAction\",\"target\":{\"@type\":\"EntryPoint\",\"urlTemplate\":\"http:\/\/vebz.info\/start\/?s={search_term_string}\"},\"query-input\":{\"@type\":\"PropertyValueSpecification\",\"valueRequired\":true,\"valueName\":\"search_term_string\"}}],\"inLanguage\":\"de\"},{\"@type\":\"Organization\",\"@id\":\"http:\/\/vebz.info\/start\/#organization\",\"name\":\"Verein der evangelischen Bildungszentren im l\u00e4ndlichen Raum in Bayern e.V.\",\"url\":\"http:\/\/vebz.info\/start\/\",\"logo\":{\"@type\":\"ImageObject\",\"inLanguage\":\"de\",\"@id\":\"http:\/\/vebz.info\/start\/#\/schema\/logo\/image\/\",\"url\":\"http:\/\/vebz.info\/wp-content\/uploads\/2018\/07\/Logo_kleiner-1-2-Kopieg.jpg\",\"contentUrl\":\"http:\/\/vebz.info\/wp-content\/uploads\/2018\/07\/Logo_kleiner-1-2-Kopieg.jpg\",\"width\":380,\"height\":82,\"caption\":\"Verein der evangelischen Bildungszentren im l\u00e4ndlichen Raum in Bayern e.V.\"},\"image\":{\"@id\":\"http:\/\/vebz.info\/start\/#\/schema\/logo\/image\/\"}}]}<\/script>\n<!-- \/ Yoast SEO plugin. -->","yoast_head_json":{"title":"Verwaltungsrat - vebz.info","robots":{"index":"index","follow":"follow","max-snippet":"max-snippet:-1","max-image-preview":"max-image-preview:large","max-video-preview":"max-video-preview:-1"},"canonical":"http:\/\/vebz.info\/start\/verein\/verwaltungsrat\/","og_locale":"de_DE","og_type":"article","og_title":"Verwaltungsrat - vebz.info","og_description":"VerwaltungsratVorsitz des VeraltungsratesHerr Karl-Heinz St\u00f6hrVorsitzender Alesheim\/TrommetsheimDekan Hermann Rummelstellvertretender VorsitzenderWassertr\u00fcdingenStimmberechtigte MitgliederFrau Anne RuppSimone GriesStefan KittsteinerHeidi HaagPfrin., Kirchenr\u00e4tin Bettina NaumannLKA M\u00fcnchenTeilnehmer mit beratender StimmeChristian S\u00f6llnerPappenheimPfr. Christoph Seyler Gerolfingen","og_url":"http:\/\/vebz.info\/start\/verein\/verwaltungsrat\/","og_site_name":"vebz.info","article_modified_time":"2025-03-19T09:29:04+00:00","twitter_card":"summary_large_image","twitter_misc":{"Gesch\u00e4tzte Lesezeit":"2\u00a0Minuten"},"schema":{"@context":"https:\/\/schema.org","@graph":[{"@type":"WebPage","@id":"http:\/\/vebz.info\/start\/verein\/verwaltungsrat\/","url":"http:\/\/vebz.info\/start\/verein\/verwaltungsrat\/","name":"Verwaltungsrat - vebz.info","isPartOf":{"@id":"http:\/\/vebz.info\/start\/#website"},"datePublished":"2017-12-11T17:58:36+00:00","dateModified":"2025-03-19T09:29:04+00:00","breadcrumb":{"@id":"http:\/\/vebz.info\/start\/verein\/verwaltungsrat\/#breadcrumb"},"inLanguage":"de","potentialAction":[{"@type":"ReadAction","target":["http:\/\/vebz.info\/start\/verein\/verwaltungsrat\/"]}]},{"@type":"BreadcrumbList","@id":"http:\/\/vebz.info\/start\/verein\/verwaltungsrat\/#breadcrumb","itemListElement":[{"@type":"ListItem","position":1,"name":"Startseite","item":"http:\/\/vebz.info\/start\/"},{"@type":"ListItem","position":2,"name":"Verein","item":"http:\/\/vebz.info\/start\/"},{"@type":"ListItem","position":3,"name":"Verwaltungsrat"}]},{"@type":"WebSite","@id":"http:\/\/vebz.info\/start\/#website","url":"http:\/\/vebz.info\/start\/","name":"vebz.info","description":"Verein der Evangelischen Bildungszentren im l\u00e4ndlichen Raum e.V.","publisher":{"@id":"http:\/\/vebz.info\/start\/#organization"},"potentialAction":[{"@type":"SearchAction","target":{"@type":"EntryPoint","urlTemplate":"http:\/\/vebz.info\/start\/?s={search_term_string}"},"query-input":{"@type":"PropertyValueSpecification","valueRequired":true,"valueName":"search_term_string"}}],"inLanguage":"de"},{"@type":"Organization","@id":"http:\/\/vebz.info\/start\/#organization","name":"Verein der evangelischen Bildungszentren im l\u00e4ndlichen Raum in Bayern e.V.","url":"http:\/\/vebz.info\/start\/","logo":{"@type":"ImageObject","inLanguage":"de","@id":"http:\/\/vebz.info\/start\/#\/schema\/logo\/image\/","url":"http:\/\/vebz.info\/wp-content\/uploads\/2018\/07\/Logo_kleiner-1-2-Kopieg.jpg","contentUrl":"http:\/\/vebz.info\/wp-content\/uploads\/2018\/07\/Logo_kleiner-1-2-Kopieg.jpg","width":380,"height":82,"caption":"Verein der evangelischen Bildungszentren im l\u00e4ndlichen Raum in Bayern e.V."},"image":{"@id":"http:\/\/vebz.info\/start\/#\/schema\/logo\/image\/"}}]}},"_links":{"self":[{"href":"http:\/\/vebz.info\/start\/wp-json\/wp\/v2\/pages\/58","targetHints":{"allow":["GET"]}}],"collection":[{"href":"http:\/\/vebz.info\/start\/wp-json\/wp\/v2\/pages"}],"about":[{"href":"http:\/\/vebz.info\/start\/wp-json\/wp\/v2\/types\/page"}],"author":[{"embeddable":true,"href":"http:\/\/vebz.info\/start\/wp-json\/wp\/v2\/users\/24783"}],"replies":[{"embeddable":true,"href":"http:\/\/vebz.info\/start\/wp-json\/wp\/v2\/comments?post=58"}],"version-history":[{"count":10,"href":"http:\/\/vebz.info\/start\/wp-json\/wp\/v2\/pages\/58\/revisions"}],"predecessor-version":[{"id":1695,"href":"http:\/\/vebz.info\/start\/wp-json\/wp\/v2\/pages\/58\/revisions\/1695"}],"up":[{"embeddable":true,"href":"http:\/\/vebz.info\/start\/wp-json\/wp\/v2\/pages\/980"}],"wp:attachment":[{"href":"http:\/\/vebz.info\/start\/wp-json\/wp\/v2\/media?parent=58"}],"curies":[{"name":"wp","href":"https:\/\/api.w.org\/{rel}","templated":true}]}}